se 4) to base 10.
11544
What is 5431142 (base 6) in base 7?
2165642
What is -34420424 (base 5) in base 15?
-6210e
What is 1217115 (base 8) in base 6?
11104541
100032322 (base 4) to base 3
10101012121
Convert 989a0a (base 13) to base 2.
1101101100110110101110
What is 998154 (base 11) in base 14?
2d62a4
What is 202344 (base 7) in base 11?
239a5
What is 44333040 (base 5) in base 6?
12142005
Convert -6bc56 (base 13) to base 16.
-30400
Convert -1021010000200 (base 3) to base 8.
-2437303
What is -7bca8 (base 13) in base 9?
-374330
433221 (base 7) to base 5
4404243
Convert -13562333 (base 9) to base 12.
-22b9256
What is -13e17 (base 16) in base 4?
-103320113
Convert -111000010111000111 (base 2) to base 10.
-230855
Convert -c280 (base 13) to base 10.
-26806
What is -317209 (base 10) in base 15?
-63ec4
353530131 (base 6) to base 8
31204207
-2111201120021 (base 3) to base 8
-5053440
What is 400535 (base 6) in base 13?
11333
Convert 272cc (base 16) to base 14.
42696
e74e (base 16) to base 2
1110011101001110
Convert -2012525 (base 9) to base 3.
-2000102120212
Convert b81a4 (base 12) to base 14.
64392
Convert 476647 (base 13) to base 15.
2387a4
Convert -2741027 (base 10) to base 6.
-134425535
-3b2a986 (base 12) to base 7
-201626610
-1133000 (base 6) to base 11
-40338
What is 4314423 (base 6) in base 2?
110011110100101111
-3510114 (base 9) to base 16
-1cef1f
-101101011101101110 (base 2) to base 6
-3554050
Convert 32230125 (base 6) to base 10.
952613
330202031 (base 5) to base 9
2582850
Convert 110110111212022 (base 3) to base 8.
31210552
3c2717 (base 14) to base 8
7741101
What is 1d2a66 (base 16) in base 2?
111010010101001100110
-4245545 (base 6) to base 16
-32f09
Convert -11015156 (base 8) to base 7.
-26053066
Convert -21333000 (base 7) to base 8.
-6751234
533152 (base 6) to base 14
11bc0
Convert -2751a6 (base 13) to base 5.
-221010203
-1010110111010111101 (base 2) to base 13
-c608b
Convert 6baa9 (base 12) to base 6.
3035133
Convert -11a4a48 (base 12) to base 11.
-1a47525
Convert 342860 (base 12) to base 6.
25513400
-182556 (base 9) to base 8
-335453
What is -1012210120 (base 4) in base 7?
-2312464
What is 101111110011011110101 (base 2) in base 16?
17e6f5
-33212202211 (base 4) to base 6
-223355141
What is 18728a (base 12) in base 9?
721017
What is 5a381c (base 14) in base 12?
1048256
Convert -7043037 (base 9) to base 8.
-16231310
What is 4702470 (base 8) in base 16?
138538
1404277 (base 11) to base 5
1104441130
Convert 1a914 (base 14) to base 2.
10000100000110110
What is 322020 (base 10) in base 5?
40301040
What is -218022 (base 12) in base 11?
-333984
-b1f5e (base 16) to base 9
-1330807
-2010222044 (base 5) to base 9
-7454171
-110010000110011010 (base 2) to base 9
-342441
-53068 (base 12) to base 4
-122212100
What is -343001332 (base 5) in base 16?
-175e4b
-882270 (base 13) to base 4
-30032021013
What is -659a4 (base 13) in base 9?
-310361
Convert 445924 (base 13) to base 12.
658a14
Convert -311162 (base 7) to base 14.
-155a2
Convert 111101111111011100001 (base 2) to base 9.
3735412
What is 11101001111110111 (base 2) in base 7?
1006161
What is -14445211 (base 7) in base 6?
-45231304
190274 (base 11) to base 15
5bccd
What is 5433554 (base 7) in base 16?
a21b5
Convert 1473212 (base 8) to base 15.
85777
What is 112212022011 (base 3) in base 8?
1073305
Convert 11111001000010001 (base 2) to base 3.
20110220102
Convert c36a7 (base 15) to base 10.
619132
What is 12020200220 (base 3) in base 8?
311603
What is 1d8d7 (base 16) in base 2?
11101100011010111
Convert -11110001110011001 (base 2) to base 3.
-20021211020
175619 (base 10) to base 6
3433015
b4962 (base 16) to base 5
142132212
What is 1233100112 (base 4) in base 9?
764085
105246 (base 8) to base 10
35494
What is 101000540 (base 6) in base 2?
110100101100000001100
220243343 (base 5) to base 3
1210002122211
What is 110220210102 (base 3) in base 12?
103192
Convert -5634123 (base 7) to base 10.
-697728
-11422263 (base 7) to base 5
-224422201
What is -100100001100001110101 (base 2) in base 10?
-1185909
Convert 3660888 (base 10) to base 16.
37dc58
Convert 292840 (base 10) to base 4.
1013133220
-30234a0 (base 13) to base 9
-30327821
Convert 105119 (base 16) to base 14.
1db9b3
Convert -370067 (base 9) to base 10.
-223135
-1020142 (base 10) to base 4
-3321003232
Convert -519272 (base 13) to base 8.
-7211116
What is -7442b3 (base 12) in base 10?
-1832103
What is -745b88 (base 13) in base 4?
-22121211223
Convert 1040341 (base 5) to base 12.
a665
What is 712786 (base 9) in base 5?
102001012
Convert 19c497 (base 13) to base 2.
10100000000010010010
What is 4154047 (base 8) in base 9?
2062247
What is -762f7 (base 16) in base 2?
-1110110001011110111
What is 9dbb8a (base 16) in base 13?
21ac184
Convert 1121222022 (base 3) to base 9.
47868
What is -4344200 (base 7) in base 10?
-532091
What is -29c24 (base 13) in base 4?
-103101221
10134633 (base 10) to base 6
1001115333
Convert -5180950 (base 12) to base 11.
-8731746
Convert -613423 (base 7) to base 8.
-314045
What is -463242 (base 7) in base 16?
-14367
What is -1172 (base 11) in base 7?
-4315
Convert -20113110 (base 4) to base 13.
-12795
What is 18aa2b (base 16) in base 14?
301111
Convert 1d0b8 (base 15) to base 14.
26705
10122304 (base 7) to base 10
845989
What is 1111000001011001 (base 2) in base 7?
344246
What is -103156 (base 11) in base 7?
-1255465
Convert -1145411 (base 7) to base 10.
-145979
Convert -51043415 (base 6) to base 11.
-902174
-21312003023 (base 4) to base 2
-1001110110000011001011
-1001101101100100 (base 2) to base 13
-15150
What is -3212320101 (base 4) in base 13?
-271599
Convert 1001010110020 (base 3) to base 8.
2071251
Convert 7b344 (base 12) to base 2.
101000001100100100
Convert -3443133 (base 6) to base 15.
-37676
What is 243647 (base 12) in base 4?
2033033113
What is -213330431 (base 5) in base 4?
-3200001300
What is -48a487 (base 14) in base 4?
-21133022313
Convert -1233425 (base 10) to base 15.
-1956d5
What is -2074227 (base 10) in base 4?
-13322121303
160214 (base 8) to base 11
3a209
What is -2a2210 (base 12) in base 2?
-10101101000010101100
What is 16d2c (base 15) in base 4?
102001302
-a99d4 (base 15) to base 6
-15314401
Convert -33815c (base 16) to base 14.
-63c19a
What is -5699515 (base 11) in base 5?
-10022442410
What is -6178a8 (base 13) in base 11?
-1312975
100111000100001101 (base 2) to base 12
78725
Convert -22112202313 (base 4) to base 16.
-2968b7
Convert 104334114 (base 5) to base 7.
3644264
What is 2121761 (base 8) in base 12?
233841
1114004 (base 7) to base 3
21000121202
What is -111010010001011110010 (base 2) in base 7?
-22142012
Convert 33490b (base 13) to base 5.
302204012
256312 (base 8) to base 15
1b6ca
Convert 48170 (base 11) to base 5.
4210120
What is 217006 (base 10) in base 16?
34fae
Convert 101030013220 (base 4) to base 3.
22110221012011
Convert 122110221222 (base 3) to base 15.
6be25
-11210440 (base 6) to base 13
-c0525
Convert 3c365 (base 15) to base 2.
101111001001111001
Convert 1333553042 (base 6) to base 11.
9125a98
3b3175 (base 12) to base 15
14558e
What is -14433115 (base 6) in base 2?
-1111010100111100111
Convert 14a3b9 (base 12) to base 15.
6d8d9
Convert bb32 (base 12) to base 10.
20630
Convert 4237405 (base 8) to base 2.
100010011111100000101
10164160 (base 8) to base 4
20032201300
Convert -102000030 (base 4) to base 8.
-220014
5437967 (base 11) to base 10
9556411
Convert -112021002120121 (base 3) to base 2.
-11100111010100010111010
What is -1111203103 (base 4) in base 7?
-2656426
What is 120423104 (base 5) in base 16?
88f85
Convert f513 (base 16) to base 8.
172423
What is 206316 (base 13) in base 10?
756294
Convert -7e86a (base 15) to base 4.
-1202201011
Convert -2302621 (base 7) to base 16.
-45ffa
Convert 873a3 (base 13) to base 11.
15777a
Convert -3232431 (base 5) to base 16.
-d846
-564022 (base 9) to base 8
-1223213
1637174 (base 8) to base 4
1303321330
Convert 536d9d (base 14) to base 11.
1659396
-8930970 (base 11) to base 15
-1597141
What is 300211000333 (base 4) in base 2?
110000100101000000111111
-65688 (base 10) to base 16
-10098
74347 (base 10) to base 12
37037
Convert -355748 (base 9) to base 7.
-1551341
What is 1511220 (base 6) in base 15?
1ac3c
What is -200536 (base 8) in base 2?
-10000000101011110